{"id":400,"date":"2025-11-16T02:15:50","date_gmt":"2025-11-16T02:15:50","guid":{"rendered":"https:\/\/ansinox.com.br\/portal\/?page_id=400"},"modified":"2025-11-16T02:36:56","modified_gmt":"2025-11-16T02:36:56","slug":"tubos-de-aco-inox","status":"publish","type":"page","link":"https:\/\/ansinox.com.br\/portal\/tubos-de-aco-inox\/","title":{"rendered":"Tubos de A\u00e7o Inox"},"content":{"rendered":"<h2>Tubos de A\u00e7o Inox \u2013 Qualidade, Resist\u00eancia e Alto Desempenho para Ind\u00fastria e Constru\u00e7\u00e3o<\/h2>\n<article class=\"text-token-text-primary w-full focus:outline-none [--shadow-height:45px] has-data-writing-block:pointer-events-none has-data-writing-block:-mt-(--shadow-height) has-data-writing-block:pt-(--shadow-height) [&amp;:has([data-writing-block])&gt;*]:pointer-events-auto [content-visibility:auto] supports-[content-visibility:auto]:[contain-intrinsic-size:auto_100lvh] scroll-mt-[calc(var(--header-height)+min(200px,max(70px,20svh)))]\" dir=\"auto\" tabindex=\"-1\" data-turn-id=\"d7ec0b15-fb54-4c4a-a261-57bd019b8f27\" data-testid=\"conversation-turn-2\" data-scroll-anchor=\"true\" data-turn=\"assistant\">\n<div class=\"text-base my-auto mx-auto pb-10 [--thread-content-margin:--spacing(4)] thread-sm:[--thread-content-margin:--spacing(6)] thread-lg:[--thread-content-margin:--spacing(16)] px-(--thread-content-margin)\">\n<div class=\"[--thread-content-max-width:40rem] thread-lg:[--thread-content-max-width:48rem] mx-auto max-w-(--thread-content-max-width) flex-1 group\/turn-messages focus-visible:outline-hidden relative flex w-full min-w-0 flex-col agent-turn\" tabindex=\"-1\">\n<div class=\"flex max-w-full flex-col grow\">\n<div class=\"min-h-8 text-message relative flex w-full flex-col items-end gap-2 text-start break-words whitespace-normal [.text-message+&amp;]:mt-1\" dir=\"auto\" data-message-author-role=\"assistant\" data-message-id=\"460ffede-8cbd-4184-85a1-499f9adb9a9c\" data-message-model-slug=\"gpt-5\">\n<div class=\"flex w-full flex-col gap-1 empty:hidden first:pt-[1px]\">\n<div class=\"markdown prose dark:prose-invert w-full break-words light markdown-new-styling\">\n<p data-start=\"313\" data-end=\"703\">Os <strong data-start=\"316\" data-end=\"337\">tubos de a\u00e7o inox<\/strong> s\u00e3o indispens\u00e1veis em projetos que exigem durabilidade, resist\u00eancia \u00e0 corros\u00e3o e excelente acabamento. Amplamente utilizados nos setores industriais, petroqu\u00edmicos, aliment\u00edcios, farmac\u00eauticos, de constru\u00e7\u00e3o civil e automotivo, esses tubos garantem efici\u00eancia e seguran\u00e7a em sistemas de condu\u00e7\u00e3o, transporte de fluidos, estruturas met\u00e1licas e aplica\u00e7\u00f5es sanit\u00e1rias.<\/p>\n<p data-start=\"705\" data-end=\"1054\">Fabricados em ligas como <strong data-start=\"730\" data-end=\"755\">304, 304L, 316 e 316L<\/strong>, os tubos inox oferecem alto desempenho mesmo em ambientes agressivos, com varia\u00e7\u00f5es de temperatura e contato com subst\u00e2ncias corrosivas. Al\u00e9m disso, possuem f\u00e1cil soldabilidade, baixa manuten\u00e7\u00e3o e longa vida \u00fatil \u2014 fatores que reduzem custos operacionais e aumentam a confiabilidade dos processos.<\/p>\n<hr data-start=\"1056\" data-end=\"1059\" \/>\n<h2 data-start=\"1061\" data-end=\"1103\"><strong data-start=\"1064\" data-end=\"1103\">Por que escolher Tubos de A\u00e7o Inox?<\/strong><\/h2>\n<ul data-start=\"1105\" data-end=\"1482\">\n<li data-start=\"1105\" data-end=\"1179\">\n<p data-start=\"1107\" data-end=\"1179\"><strong data-start=\"1107\" data-end=\"1138\">Alta resist\u00eancia \u00e0 corros\u00e3o<\/strong> mesmo em ambientes \u00famidos ou qu\u00edmicos.<img loading=\"lazy\" decoding=\"async\" class=\"alignright wp-image-404 size-medium\" src=\"https:\/\/ansinox.com.br\/portal\/wp-content\/uploads\/2025\/11\/tubos-aco-inox-300x200.jpg\" alt=\"Tubos de A\u00e7o Inox\" width=\"300\" height=\"200\" srcset=\"https:\/\/ansinox.com.br\/portal\/wp-content\/uploads\/2025\/11\/tubos-aco-inox-300x200.jpg 300w, https:\/\/ansinox.com.br\/portal\/wp-content\/uploads\/2025\/11\/tubos-aco-inox-768x512.jpg 768w, https:\/\/ansinox.com.br\/portal\/wp-content\/uploads\/2025\/11\/tubos-aco-inox-219x146.jpg 219w, https:\/\/ansinox.com.br\/portal\/wp-content\/uploads\/2025\/11\/tubos-aco-inox-50x33.jpg 50w, https:\/\/ansinox.com.br\/portal\/wp-content\/uploads\/2025\/11\/tubos-aco-inox-113x75.jpg 113w, https:\/\/ansinox.com.br\/portal\/wp-content\/uploads\/2025\/11\/tubos-aco-inox-24x16.jpg 24w, https:\/\/ansinox.com.br\/portal\/wp-content\/uploads\/2025\/11\/tubos-aco-inox-36x24.jpg 36w, https:\/\/ansinox.com.br\/portal\/wp-content\/uploads\/2025\/11\/tubos-aco-inox-48x32.jpg 48w, https:\/\/ansinox.com.br\/portal\/wp-content\/uploads\/2025\/11\/tubos-aco-inox.jpg 800w\" sizes=\"auto, (max-width: 300px) 100vw, 300px\" \/><\/p>\n<\/li>\n<li data-start=\"1180\" data-end=\"1243\">\n<p data-start=\"1182\" data-end=\"1243\"><strong data-start=\"1182\" data-end=\"1207\">Durabilidade superior<\/strong> em compara\u00e7\u00e3o a outros materiais.<\/p>\n<\/li>\n<li data-start=\"1244\" data-end=\"1335\">\n<p data-start=\"1246\" data-end=\"1335\"><strong data-start=\"1246\" data-end=\"1281\">Higiene e facilidade de limpeza<\/strong>, ideal para segmentos aliment\u00edcios e farmac\u00eauticos.<\/p>\n<\/li>\n<li data-start=\"1336\" data-end=\"1419\">\n<p data-start=\"1338\" data-end=\"1419\"><strong data-start=\"1338\" data-end=\"1355\">Versatilidade<\/strong>: dispon\u00edveis em diversas espessuras, di\u00e2metros e acabamentos.<\/p>\n<\/li>\n<li data-start=\"1420\" data-end=\"1482\">\n<p data-start=\"1422\" data-end=\"1482\"><strong data-start=\"1422\" data-end=\"1456\">Excelente resist\u00eancia mec\u00e2nica<\/strong> e estabilidade t\u00e9rmica.<\/p>\n<\/li>\n<\/ul>\n<p>Entre em contato e solicite seu <a href=\"https:\/\/api.whatsapp.com\/send\/?phone=551127242730&amp;text=Ol%C3%A1+preciso+de+informa%C3%A7%C3%A3o+...&amp;type=phone_number&amp;app_absent=0\" target=\"_blank\" rel=\"noopener\"><strong data-start=\"1787\" data-end=\"1821\">or\u00e7amento de tubos de a\u00e7o inox<\/strong><\/a>. Atendimento r\u00e1pido, variedade completa e solu\u00e7\u00f5es sob medida para sua necessidade.<\/p>\n<\/div>\n<\/div>\n<\/div>\n<\/div>\n<\/div>\n<\/div>\n<\/article>\n<div class=\"pointer-events-none h-px w-px\" aria-hidden=\"true\" data-edge=\"true\">\n<h2 style=\"text-align: justify;\">Linha de Tubos A\u00e7o Inox <span dir=\"auto\" style=\"vertical-align: inherit;\"><span dir=\"auto\" style=\"vertical-align: inherit;\">&#8211; Ansinox<\/span><\/span><\/h2>\n<\/div>\n<p><img loading=\"lazy\" decoding=\"async\" class=\"alignnone wp-image-403\" src=\"https:\/\/ansinox.com.br\/portal\/wp-content\/uploads\/2025\/11\/tubos-de-aco-inox-300x129.jpg\" alt=\"\" width=\"314\" height=\"135\" srcset=\"https:\/\/ansinox.com.br\/portal\/wp-content\/uploads\/2025\/11\/tubos-de-aco-inox-300x129.jpg 300w, https:\/\/ansinox.com.br\/portal\/wp-content\/uploads\/2025\/11\/tubos-de-aco-inox-260x112.jpg 260w, https:\/\/ansinox.com.br\/portal\/wp-content\/uploads\/2025\/11\/tubos-de-aco-inox-50x21.jpg 50w, https:\/\/ansinox.com.br\/portal\/wp-content\/uploads\/2025\/11\/tubos-de-aco-inox-150x64.jpg 150w, https:\/\/ansinox.com.br\/portal\/wp-content\/uploads\/2025\/11\/tubos-de-aco-inox-24x10.jpg 24w, https:\/\/ansinox.com.br\/portal\/wp-content\/uploads\/2025\/11\/tubos-de-aco-inox-36x15.jpg 36w, https:\/\/ansinox.com.br\/portal\/wp-content\/uploads\/2025\/11\/tubos-de-aco-inox-48x21.jpg 48w, https:\/\/ansinox.com.br\/portal\/wp-content\/uploads\/2025\/11\/tubos-de-aco-inox.jpg 342w\" sizes=\"auto, (max-width: 314px) 100vw, 314px\" \/> <img loading=\"lazy\" decoding=\"async\" class=\"alignnone wp-image-174\" src=\"https:\/\/ansinox.com.br\/portal\/wp-content\/uploads\/2025\/11\/tubos-de-aco-300x172.png\" alt=\"\" width=\"236\" height=\"135\" srcset=\"https:\/\/ansinox.com.br\/portal\/wp-content\/uploads\/2025\/11\/tubos-de-aco-300x172.png 300w, https:\/\/ansinox.com.br\/portal\/wp-content\/uploads\/2025\/11\/tubos-de-aco-1024x587.png 1024w, https:\/\/ansinox.com.br\/portal\/wp-content\/uploads\/2025\/11\/tubos-de-aco-768x440.png 768w, https:\/\/ansinox.com.br\/portal\/wp-content\/uploads\/2025\/11\/tubos-de-aco-255x146.png 255w, https:\/\/ansinox.com.br\/portal\/wp-content\/uploads\/2025\/11\/tubos-de-aco-50x29.png 50w, https:\/\/ansinox.com.br\/portal\/wp-content\/uploads\/2025\/11\/tubos-de-aco-131x75.png 131w, https:\/\/ansinox.com.br\/portal\/wp-content\/uploads\/2025\/11\/tubos-de-aco-24x14.png 24w, https:\/\/ansinox.com.br\/portal\/wp-content\/uploads\/2025\/11\/tubos-de-aco-36x21.png 36w, https:\/\/ansinox.com.br\/portal\/wp-content\/uploads\/2025\/11\/tubos-de-aco-48x28.png 48w, https:\/\/ansinox.com.br\/portal\/wp-content\/uploads\/2025\/11\/tubos-de-aco.png 1062w\" sizes=\"auto, (max-width: 236px) 100vw, 236px\" \/> <img loading=\"lazy\" decoding=\"async\" class=\"alignnone wp-image-408\" src=\"https:\/\/ansinox.com.br\/portal\/wp-content\/uploads\/2025\/11\/tubos-de-aco-inox.fw_-300x188.png\" alt=\"\" width=\"241\" height=\"151\" srcset=\"https:\/\/ansinox.com.br\/portal\/wp-content\/uploads\/2025\/11\/tubos-de-aco-inox.fw_-300x188.png 300w, https:\/\/ansinox.com.br\/portal\/wp-content\/uploads\/2025\/11\/tubos-de-aco-inox.fw_-768x480.png 768w, https:\/\/ansinox.com.br\/portal\/wp-content\/uploads\/2025\/11\/tubos-de-aco-inox.fw_-234x146.png 234w, https:\/\/ansinox.com.br\/portal\/wp-content\/uploads\/2025\/11\/tubos-de-aco-inox.fw_-50x31.png 50w, https:\/\/ansinox.com.br\/portal\/wp-content\/uploads\/2025\/11\/tubos-de-aco-inox.fw_-120x75.png 120w, https:\/\/ansinox.com.br\/portal\/wp-content\/uploads\/2025\/11\/tubos-de-aco-inox.fw_-24x15.png 24w, https:\/\/ansinox.com.br\/portal\/wp-content\/uploads\/2025\/11\/tubos-de-aco-inox.fw_-36x23.png 36w, https:\/\/ansinox.com.br\/portal\/wp-content\/uploads\/2025\/11\/tubos-de-aco-inox.fw_-48x30.png 48w, https:\/\/ansinox.com.br\/portal\/wp-content\/uploads\/2025\/11\/tubos-de-aco-inox.fw_.png 800w\" sizes=\"auto, (max-width: 241px) 100vw, 241px\" \/><\/p>\n<div class=\"pointer-events-none h-px w-px\" aria-hidden=\"true\" data-edge=\"true\">\n<p><strong>Contamos com uma vasta linha de produtos em estoque, visando a agilidade no fornecimento e a satisfa\u00e7\u00e3o de nossos clientes, <\/strong><a href=\"https:\/\/wa.me\/551127242730\/?text=Ol%C3%A1%20gostaria%20de%20informa%C3%A7%C3%B5es...\" target=\"_blank\" rel=\"noopener\">Fa\u00e7a seu or\u00e7amento na Ansinox!<\/a><\/p>\n<h3><span style=\"color: #800000;\">Atendemos aos mais diversos seguimentos da industria, tais como:<\/span><\/h3>\n<p>Constru\u00e7\u00e3o Civil, Engenharia Industrial e Engenharia de Montagens, Implementos Agr\u00edcolas e Rodovi\u00e1rios, Ind\u00fastria de Papel e Celulose, Ind\u00fastria Naval (Off Shore), Ind\u00fastria Petrol\u00edfera, Industria Aliment\u00edcia e Industria de Bebidas, Ind\u00fastria Mec\u00e2nica e Metal\u00fargica, Industria Farmac\u00eautica, Ind\u00fastria Qu\u00edmica e Petroqu\u00edmica, Ind\u00fastria Sider\u00fargica e de Minera\u00e7\u00e3o, Setor Automotivo e de Autope\u00e7as, Telecomunica\u00e7\u00f5es, Termoel\u00e9tricas e Hidroel\u00e9tricas, Tratamento de \u00c1gua e <a href=\"https:\/\/ansinox.com.br\/portal\/linha-de-flanges-industrias\/\">Po\u00e7os Artesianos<\/a>, Usinas de A\u00e7\u00facar e de \u00c1lcool.<\/p>\n<\/div>\n\n\n<div class=\"kk-star-ratings kksr-auto kksr-align-left kksr-valign-bottom\"\n    data-payload='{&quot;align&quot;:&quot;left&quot;,&quot;id&quot;:&quot;400&quot;,&quot;slug&quot;:&quot;default&quot;,&quot;valign&quot;:&quot;bottom&quot;,&quot;ignore&quot;:&quot;&quot;,&quot;reference&quot;:&quot;auto&quot;,&quot;class&quot;:&quot;&quot;,&quot;count&quot;:&quot;14&quot;,&quot;legendonly&quot;:&quot;&quot;,&quot;readonly&quot;:&quot;&quot;,&quot;score&quot;:&quot;5&quot;,&quot;starsonly&quot;:&quot;&quot;,&quot;best&quot;:&quot;5&quot;,&quot;gap&quot;:&quot;4&quot;,&quot;greet&quot;:&quot;Rate this page&quot;,&quot;legend&quot;:&quot;5\\\/5 - (14 votos)&quot;,&quot;size&quot;:&quot;24&quot;,&quot;title&quot;:&quot;Tubos de A\u00e7o Inox&quot;,&quot;width&quot;:&quot;138&quot;,&quot;_legend&quot;:&quot;{score}\\\/{best} - ({count} {votes})&quot;,&quot;font_factor&quot;:&quot;1.25&quot;}'>\n            \n<div class=\"kksr-stars\">\n    \n<div class=\"kksr-stars-inactive\">\n            <div class=\"kksr-star\" data-star=\"1\" style=\"padding-right: 4px\">\n            \n\n<div class=\"kksr-icon\" style=\"width: 24px; height: 24px;\"><\/div>\n        <\/div>\n            <div class=\"kksr-star\" data-star=\"2\" style=\"padding-right: 4px\">\n            \n\n<div class=\"kksr-icon\" style=\"width: 24px; height: 24px;\"><\/div>\n        <\/div>\n            <div class=\"kksr-star\" data-star=\"3\" style=\"padding-right: 4px\">\n            \n\n<div class=\"kksr-icon\" style=\"width: 24px; height: 24px;\"><\/div>\n        <\/div>\n            <div class=\"kksr-star\" data-star=\"4\" style=\"padding-right: 4px\">\n            \n\n<div class=\"kksr-icon\" style=\"width: 24px; height: 24px;\"><\/div>\n        <\/div>\n            <div class=\"kksr-star\" data-star=\"5\" style=\"padding-right: 4px\">\n            \n\n<div class=\"kksr-icon\" style=\"width: 24px; height: 24px;\"><\/div>\n        <\/div>\n    <\/div>\n    \n<div class=\"kksr-stars-active\" style=\"width: 138px;\">\n            <div class=\"kksr-star\" style=\"padding-right: 4px\">\n            \n\n<div class=\"kksr-icon\" style=\"width: 24px; height: 24px;\"><\/div>\n        <\/div>\n            <div class=\"kksr-star\" style=\"padding-right: 4px\">\n            \n\n<div class=\"kksr-icon\" style=\"width: 24px; height: 24px;\"><\/div>\n        <\/div>\n            <div class=\"kksr-star\" style=\"padding-right: 4px\">\n            \n\n<div class=\"kksr-icon\" style=\"width: 24px; height: 24px;\"><\/div>\n        <\/div>\n            <div class=\"kksr-star\" style=\"padding-right: 4px\">\n            \n\n<div class=\"kksr-icon\" style=\"width: 24px; height: 24px;\"><\/div>\n        <\/div>\n            <div class=\"kksr-star\" style=\"padding-right: 4px\">\n            \n\n<div class=\"kksr-icon\" style=\"width: 24px; height: 24px;\"><\/div>\n        <\/div>\n    <\/div>\n<\/div>\n                \n\n<div class=\"kksr-legend\" style=\"font-size: 19.2px;\">\n            5\/5 - (14 votos)    <\/div>\n    <\/div>\n","protected":false},"excerpt":{"rendered":"<p>Tubos de A\u00e7o Inox \u2013 Qualidade, Resist\u00eancia e Alto Desempenho para Ind\u00fastria e Constru\u00e7\u00e3o Os tubos de a\u00e7o inox s\u00e3o indispens\u00e1veis em projetos que exigem durabilidade,<span class=\"excerpt-hellip\"> [\u2026]<\/span><\/p>\n","protected":false},"author":1,"featured_media":0,"parent":0,"menu_order":0,"comment_status":"closed","ping_status":"closed","template":"","meta":{"footnotes":""},"class_list":["post-400","page","type-page","status-publish","hentry"],"yoast_head":"<!-- This site is optimized with the Yoast SEO Premium plugin v25.7 (Yoast SEO v27.6) - https:\/\/yoast.com\/product\/yoast-seo-premium-wordpress\/ -->\n<title>Tubos de A\u00e7o Inox - Ansinox<\/title>\n<meta name=\"description\" content=\"Tubos de a\u00e7o inox 304, 316, soldados e sem costura. Alta resist\u00eancia, qualidade industrial e entrega r\u00e1pida Solicite or\u00e7amento (11) 2724-2730\" \/>\n<meta name=\"robots\" content=\"index, follow, max-snippet:-1, max-image-preview:large, max-video-preview:-1\" \/>\n<link rel=\"canonical\" href=\"https:\/\/ansinox.com.br\/portal\/tubos-de-aco-inox\/\" \/>\n<meta property=\"og:locale\" content=\"pt_BR\" \/>\n<meta property=\"og:type\" content=\"article\" \/>\n<meta property=\"og:title\" content=\"Tubos de A\u00e7o Inox\" \/>\n<meta property=\"og:description\" content=\"Tubos de a\u00e7o inox 304, 316, soldados e sem costura. Alta resist\u00eancia, qualidade industrial e entrega r\u00e1pida Solicite or\u00e7amento (11) 2724-2730\" \/>\n<meta property=\"og:url\" content=\"https:\/\/ansinox.com.br\/portal\/tubos-de-aco-inox\/\" \/>\n<meta property=\"og:site_name\" content=\"Ansinox\" \/>\n<meta property=\"article:modified_time\" content=\"2025-11-16T02:36:56+00:00\" \/>\n<meta property=\"og:image\" content=\"https:\/\/ansinox.com.br\/portal\/wp-content\/uploads\/2025\/11\/tubos-aco-inox-300x200.jpg\" \/>\n<meta name=\"twitter:card\" content=\"summary_large_image\" \/>\n<meta name=\"twitter:label1\" content=\"Est. tempo de leitura\" \/>\n\t<meta name=\"twitter:data1\" content=\"3 minutos\" \/>\n<script type=\"application\/ld+json\" class=\"yoast-schema-graph\">{\"@context\":\"https:\\\/\\\/schema.org\",\"@graph\":[{\"@type\":\"WebPage\",\"@id\":\"https:\\\/\\\/ansinox.com.br\\\/portal\\\/tubos-de-aco-inox\\\/\",\"url\":\"https:\\\/\\\/ansinox.com.br\\\/portal\\\/tubos-de-aco-inox\\\/\",\"name\":\"Tubos de A\u00e7o Inox - Ansinox\",\"isPartOf\":{\"@id\":\"https:\\\/\\\/ansinox.com.br\\\/portal\\\/#website\"},\"primaryImageOfPage\":{\"@id\":\"https:\\\/\\\/ansinox.com.br\\\/portal\\\/tubos-de-aco-inox\\\/#primaryimage\"},\"image\":{\"@id\":\"https:\\\/\\\/ansinox.com.br\\\/portal\\\/tubos-de-aco-inox\\\/#primaryimage\"},\"thumbnailUrl\":\"https:\\\/\\\/ansinox.com.br\\\/portal\\\/wp-content\\\/uploads\\\/2025\\\/11\\\/tubos-aco-inox-300x200.jpg\",\"datePublished\":\"2025-11-16T02:15:50+00:00\",\"dateModified\":\"2025-11-16T02:36:56+00:00\",\"description\":\"Tubos de a\u00e7o inox 304, 316, soldados e sem costura. Alta resist\u00eancia, qualidade industrial e entrega r\u00e1pida Solicite or\u00e7amento (11) 2724-2730\",\"breadcrumb\":{\"@id\":\"https:\\\/\\\/ansinox.com.br\\\/portal\\\/tubos-de-aco-inox\\\/#breadcrumb\"},\"inLanguage\":\"pt-BR\",\"potentialAction\":[{\"@type\":\"ReadAction\",\"target\":[\"https:\\\/\\\/ansinox.com.br\\\/portal\\\/tubos-de-aco-inox\\\/\"]}]},{\"@type\":\"ImageObject\",\"inLanguage\":\"pt-BR\",\"@id\":\"https:\\\/\\\/ansinox.com.br\\\/portal\\\/tubos-de-aco-inox\\\/#primaryimage\",\"url\":\"https:\\\/\\\/ansinox.com.br\\\/portal\\\/wp-content\\\/uploads\\\/2025\\\/11\\\/tubos-aco-inox.jpg\",\"contentUrl\":\"https:\\\/\\\/ansinox.com.br\\\/portal\\\/wp-content\\\/uploads\\\/2025\\\/11\\\/tubos-aco-inox.jpg\",\"width\":800,\"height\":533},{\"@type\":\"BreadcrumbList\",\"@id\":\"https:\\\/\\\/ansinox.com.br\\\/portal\\\/tubos-de-aco-inox\\\/#breadcrumb\",\"itemListElement\":[{\"@type\":\"ListItem\",\"position\":1,\"name\":\"In\u00edcio\",\"item\":\"https:\\\/\\\/ansinox.com.br\\\/portal\\\/\"},{\"@type\":\"ListItem\",\"position\":2,\"name\":\"Tubos de A\u00e7o Inox\"}]},{\"@type\":\"WebSite\",\"@id\":\"https:\\\/\\\/ansinox.com.br\\\/portal\\\/#website\",\"url\":\"https:\\\/\\\/ansinox.com.br\\\/portal\\\/\",\"name\":\"Ansinox\",\"description\":\"Acess\u00f3rios Industriais - Tubos de A\u00e7o Inox e Carbono - Flanges - V\u00e1lvulas Industriais\",\"publisher\":{\"@id\":\"https:\\\/\\\/ansinox.com.br\\\/portal\\\/#organization\"},\"potentialAction\":[{\"@type\":\"SearchAction\",\"target\":{\"@type\":\"EntryPoint\",\"urlTemplate\":\"https:\\\/\\\/ansinox.com.br\\\/portal\\\/?s={search_term_string}\"},\"query-input\":{\"@type\":\"PropertyValueSpecification\",\"valueRequired\":true,\"valueName\":\"search_term_string\"}}],\"inLanguage\":\"pt-BR\"},{\"@type\":\"Organization\",\"@id\":\"https:\\\/\\\/ansinox.com.br\\\/portal\\\/#organization\",\"name\":\"Ansinox\",\"alternateName\":\"Ansinox Tubos e Conex\u00f5es\",\"url\":\"https:\\\/\\\/ansinox.com.br\\\/portal\\\/\",\"logo\":{\"@type\":\"ImageObject\",\"inLanguage\":\"pt-BR\",\"@id\":\"https:\\\/\\\/ansinox.com.br\\\/portal\\\/#\\\/schema\\\/logo\\\/image\\\/\",\"url\":\"https:\\\/\\\/ansinox.com.br\\\/portal\\\/wp-content\\\/uploads\\\/2025\\\/11\\\/logo_transp.fw_.png\",\"contentUrl\":\"https:\\\/\\\/ansinox.com.br\\\/portal\\\/wp-content\\\/uploads\\\/2025\\\/11\\\/logo_transp.fw_.png\",\"width\":211,\"height\":114,\"caption\":\"Ansinox\"},\"image\":{\"@id\":\"https:\\\/\\\/ansinox.com.br\\\/portal\\\/#\\\/schema\\\/logo\\\/image\\\/\"}}]}<\/script>\n<!-- \/ Yoast SEO Premium plugin. -->","yoast_head_json":{"title":"Tubos de A\u00e7o Inox - Ansinox","description":"Tubos de a\u00e7o inox 304, 316, soldados e sem costura. Alta resist\u00eancia, qualidade industrial e entrega r\u00e1pida Solicite or\u00e7amento (11) 2724-2730","robots":{"index":"index","follow":"follow","max-snippet":"max-snippet:-1","max-image-preview":"max-image-preview:large","max-video-preview":"max-video-preview:-1"},"canonical":"https:\/\/ansinox.com.br\/portal\/tubos-de-aco-inox\/","og_locale":"pt_BR","og_type":"article","og_title":"Tubos de A\u00e7o Inox","og_description":"Tubos de a\u00e7o inox 304, 316, soldados e sem costura. Alta resist\u00eancia, qualidade industrial e entrega r\u00e1pida Solicite or\u00e7amento (11) 2724-2730","og_url":"https:\/\/ansinox.com.br\/portal\/tubos-de-aco-inox\/","og_site_name":"Ansinox","article_modified_time":"2025-11-16T02:36:56+00:00","og_image":[{"url":"https:\/\/ansinox.com.br\/portal\/wp-content\/uploads\/2025\/11\/tubos-aco-inox-300x200.jpg","type":"","width":"","height":""}],"twitter_card":"summary_large_image","twitter_misc":{"Est. tempo de leitura":"3 minutos"},"schema":{"@context":"https:\/\/schema.org","@graph":[{"@type":"WebPage","@id":"https:\/\/ansinox.com.br\/portal\/tubos-de-aco-inox\/","url":"https:\/\/ansinox.com.br\/portal\/tubos-de-aco-inox\/","name":"Tubos de A\u00e7o Inox - Ansinox","isPartOf":{"@id":"https:\/\/ansinox.com.br\/portal\/#website"},"primaryImageOfPage":{"@id":"https:\/\/ansinox.com.br\/portal\/tubos-de-aco-inox\/#primaryimage"},"image":{"@id":"https:\/\/ansinox.com.br\/portal\/tubos-de-aco-inox\/#primaryimage"},"thumbnailUrl":"https:\/\/ansinox.com.br\/portal\/wp-content\/uploads\/2025\/11\/tubos-aco-inox-300x200.jpg","datePublished":"2025-11-16T02:15:50+00:00","dateModified":"2025-11-16T02:36:56+00:00","description":"Tubos de a\u00e7o inox 304, 316, soldados e sem costura. Alta resist\u00eancia, qualidade industrial e entrega r\u00e1pida Solicite or\u00e7amento (11) 2724-2730","breadcrumb":{"@id":"https:\/\/ansinox.com.br\/portal\/tubos-de-aco-inox\/#breadcrumb"},"inLanguage":"pt-BR","potentialAction":[{"@type":"ReadAction","target":["https:\/\/ansinox.com.br\/portal\/tubos-de-aco-inox\/"]}]},{"@type":"ImageObject","inLanguage":"pt-BR","@id":"https:\/\/ansinox.com.br\/portal\/tubos-de-aco-inox\/#primaryimage","url":"https:\/\/ansinox.com.br\/portal\/wp-content\/uploads\/2025\/11\/tubos-aco-inox.jpg","contentUrl":"https:\/\/ansinox.com.br\/portal\/wp-content\/uploads\/2025\/11\/tubos-aco-inox.jpg","width":800,"height":533},{"@type":"BreadcrumbList","@id":"https:\/\/ansinox.com.br\/portal\/tubos-de-aco-inox\/#breadcrumb","itemListElement":[{"@type":"ListItem","position":1,"name":"In\u00edcio","item":"https:\/\/ansinox.com.br\/portal\/"},{"@type":"ListItem","position":2,"name":"Tubos de A\u00e7o Inox"}]},{"@type":"WebSite","@id":"https:\/\/ansinox.com.br\/portal\/#website","url":"https:\/\/ansinox.com.br\/portal\/","name":"Ansinox","description":"Acess\u00f3rios Industriais - Tubos de A\u00e7o Inox e Carbono - Flanges - V\u00e1lvulas Industriais","publisher":{"@id":"https:\/\/ansinox.com.br\/portal\/#organization"},"potentialAction":[{"@type":"SearchAction","target":{"@type":"EntryPoint","urlTemplate":"https:\/\/ansinox.com.br\/portal\/?s={search_term_string}"},"query-input":{"@type":"PropertyValueSpecification","valueRequired":true,"valueName":"search_term_string"}}],"inLanguage":"pt-BR"},{"@type":"Organization","@id":"https:\/\/ansinox.com.br\/portal\/#organization","name":"Ansinox","alternateName":"Ansinox Tubos e Conex\u00f5es","url":"https:\/\/ansinox.com.br\/portal\/","logo":{"@type":"ImageObject","inLanguage":"pt-BR","@id":"https:\/\/ansinox.com.br\/portal\/#\/schema\/logo\/image\/","url":"https:\/\/ansinox.com.br\/portal\/wp-content\/uploads\/2025\/11\/logo_transp.fw_.png","contentUrl":"https:\/\/ansinox.com.br\/portal\/wp-content\/uploads\/2025\/11\/logo_transp.fw_.png","width":211,"height":114,"caption":"Ansinox"},"image":{"@id":"https:\/\/ansinox.com.br\/portal\/#\/schema\/logo\/image\/"}}]}},"_links":{"self":[{"href":"https:\/\/ansinox.com.br\/portal\/wp-json\/wp\/v2\/pages\/400","targetHints":{"allow":["GET"]}}],"collection":[{"href":"https:\/\/ansinox.com.br\/portal\/wp-json\/wp\/v2\/pages"}],"about":[{"href":"https:\/\/ansinox.com.br\/portal\/wp-json\/wp\/v2\/types\/page"}],"author":[{"embeddable":true,"href":"https:\/\/ansinox.com.br\/portal\/wp-json\/wp\/v2\/users\/1"}],"replies":[{"embeddable":true,"href":"https:\/\/ansinox.com.br\/portal\/wp-json\/wp\/v2\/comments?post=400"}],"version-history":[{"count":11,"href":"https:\/\/ansinox.com.br\/portal\/wp-json\/wp\/v2\/pages\/400\/revisions"}],"predecessor-version":[{"id":416,"href":"https:\/\/ansinox.com.br\/portal\/wp-json\/wp\/v2\/pages\/400\/revisions\/416"}],"wp:attachment":[{"href":"https:\/\/ansinox.com.br\/portal\/wp-json\/wp\/v2\/media?parent=400"}],"curies":[{"name":"wp","href":"https:\/\/api.w.org\/{rel}","templated":true}]}}