{"id":465,"date":"2026-01-12T23:29:56","date_gmt":"2026-01-12T23:29:56","guid":{"rendered":"https:\/\/ansinox.com.br\/portal\/?page_id=465"},"modified":"2026-01-12T23:35:08","modified_gmt":"2026-01-12T23:35:08","slug":"flanges-de-inox-em-sao-paulo","status":"publish","type":"page","link":"https:\/\/ansinox.com.br\/portal\/flanges-de-inox-em-sao-paulo\/","title":{"rendered":"Flanges de Inox em S\u00e3o Paulo"},"content":{"rendered":"<h2 style=\"text-align: justify;\">Linha de Flanges de Inox \u2013 Qualidade e Confiabilidade para Conex\u00f5es Tubulares<\/h2>\n<h4>Resist\u00eancia, Durabilidade e Efici\u00eancia &#8211; <a href=\"https:\/\/wa.me\/551127242730\/?text=Ol%C3%A1%20gostaria%20de%20informa%C3%A7%C3%B5es...\">Fa\u00e7a seu or\u00e7amento na Ansinox<\/a><\/h4>\n<p data-start=\"260\" data-end=\"613\"><span data-start=\"263\" data-end=\"286\">Linha de <\/span><strong data-start=\"263\" data-end=\"286\">flanges industriais em s\u00e3o paulo,<\/strong>\u00a0s\u00e3o componentes essenciais em sistemas de tubula\u00e7\u00e3o, garantindo veda\u00e7\u00e3o, resist\u00eancia e facilidade na montagem e desmontagem de conex\u00f5es. Fabricadas em diversos materiais, como <strong data-start=\"463\" data-end=\"512\">a\u00e7o carbono, a\u00e7o inoxid\u00e1vel e ligas especiais<\/strong>, as flanges asseguram alto desempenho em ind\u00fastrias qu\u00edmicas, petroqu\u00edmicas, navais e de saneamento.<\/p>\n<p data-start=\"615\" data-end=\"957\">No com\u00e9rcio de <strong data-start=\"630\" data-end=\"653\">flanges industriais<\/strong>, \u00e9 fundamental escolher fornecedores que garantam <strong data-start=\"704\" data-end=\"765\">padr\u00f5es de qualidade, certifica\u00e7\u00e3o e precis\u00e3o dimensional<\/strong>. Modelos como <strong data-start=\"780\" data-end=\"841\">flange cego, sobreposto, roscado, de pesco\u00e7o e de encaixe<\/strong> s\u00e3o amplamente utilizados conforme as normas <strong data-start=\"887\" data-end=\"907\">ANSI, ASTM e DIN<\/strong>, adequando-se a diferentes press\u00f5es e aplica\u00e7\u00f5es.<\/p>\n<p data-start=\"959\" data-end=\"1259\">Se voc\u00ea busca <strong data-start=\"973\" data-end=\"1028\">flanges industriais em S\u00e3o Paulo e em todo o Brasil<\/strong>, conte com empresas especializadas que oferecem <strong data-start=\"1077\" data-end=\"1134\">produtos sob medida, pronta entrega e suporte t\u00e9cnico<\/strong> para o seu projeto. A escolha certa de flanges aumenta a seguran\u00e7a, a durabilidade e a efici\u00eancia dos sistemas de tubula\u00e7\u00e3o.<\/p>\n<h3 style=\"text-align: justify;\">Entre os principais modelos dispon\u00edveis <a href=\"https:\/\/ansinox.com.br\/portal\/linha-de-valvulas-bronze\/\">est\u00e3o:<\/a><\/h3>\n<p class=\"font_7 wixui-rich-text__text\"><span class=\"wixui-rich-text__text\">FLANGE LISO\u00a0ANSI B16.5\u00a0<\/span><span class=\"wixui-rich-text__text\">A\u00c7O CARBONO<img loading=\"lazy\" decoding=\"async\" class=\"alignright wp-image-195 size-medium\" src=\"https:\/\/ansinox.com.br\/portal\/wp-content\/uploads\/2025\/11\/flanges-industriais.fw_-300x269.png\" alt=\"Flanges de Inox em S\u00e3o Paulo\" width=\"300\" height=\"269\" srcset=\"https:\/\/ansinox.com.br\/portal\/wp-content\/uploads\/2025\/11\/flanges-industriais.fw_-300x269.png 300w, https:\/\/ansinox.com.br\/portal\/wp-content\/uploads\/2025\/11\/flanges-industriais.fw_-163x146.png 163w, https:\/\/ansinox.com.br\/portal\/wp-content\/uploads\/2025\/11\/flanges-industriais.fw_-50x45.png 50w, https:\/\/ansinox.com.br\/portal\/wp-content\/uploads\/2025\/11\/flanges-industriais.fw_-84x75.png 84w, https:\/\/ansinox.com.br\/portal\/wp-content\/uploads\/2025\/11\/flanges-industriais.fw_-24x22.png 24w, https:\/\/ansinox.com.br\/portal\/wp-content\/uploads\/2025\/11\/flanges-industriais.fw_-36x32.png 36w, https:\/\/ansinox.com.br\/portal\/wp-content\/uploads\/2025\/11\/flanges-industriais.fw_-48x43.png 48w, https:\/\/ansinox.com.br\/portal\/wp-content\/uploads\/2025\/11\/flanges-industriais.fw_.png 437w\" sizes=\"auto, (max-width: 300px) 100vw, 300px\" \/><br \/>\nFLANGE SOBREPOSTO ANSI B16.5 A\u00c7O CARBONO<br \/>\n<\/span><span class=\"wixui-rich-text__text\">FLANGE CEGO ANSI B16.5\u00a0<\/span><span class=\"wixui-rich-text__text\">A\u00c7O CARBONO<br \/>\n<\/span><span class=\"wixui-rich-text__text\">FLANGE SOLTO ANSI B16.5\u00a0<\/span><span class=\"wixui-rich-text__text\">A\u00c7O CARBONO<br \/>\n<\/span><span class=\"wixui-rich-text__text\">FLANGE LISO RF DIN PN16\u00a0<\/span><span class=\"wixui-rich-text__text\">PN-25 E PN-40<br \/>\nFLANGE A\u00c7O CARBONO\u00a0 COM PESCO\u00c7O SCH40<br \/>\n<\/span><span class=\"wixui-rich-text__text\">FLANGE LISO COM\u00a0<\/span><span class=\"wixui-rich-text__text\">ROSCA BSP<br \/>\n<\/span><span class=\"wixui-rich-text__text\">FLANGE SOBREPOSTO\u00a0<\/span><span class=\"wixui-rich-text__text\">ANSI B16.5 INOX 304<br \/>\nFLANGE CEGO\u00a0<\/span><span class=\"wixui-rich-text__text\">FLANGE LISO COM\u00a0\u00a0<\/span><span class=\"wixui-rich-text__text\">ROSCA BSP<br \/>\nFLANGE LISO<br \/>\n<\/span><\/p>\n<p class=\"font_7 wixui-rich-text__text\"><span class=\"wixui-rich-text__text\">No com\u00e9rcio de <strong data-start=\"630\" data-end=\"653\">flanges industriais<\/strong>, \u00e9 fundamental escolher fornecedores que garantam <strong data-start=\"704\" data-end=\"765\">padr\u00f5es de qualidade, certifica\u00e7\u00e3o e precis\u00e3o dimensional<\/strong>. Modelos como <strong data-start=\"780\" data-end=\"841\">flange cego, sobreposto, roscado, de pesco\u00e7o e de encaixe<\/strong> s\u00e3o amplamente utilizados conforme as normas <strong data-start=\"887\" data-end=\"907\">ANSI, ASTM e DIN<\/strong>, adequando-se a diferentes press\u00f5es e aplica\u00e7\u00f5es.<\/span><\/p>\n<p>&nbsp;<\/p>\n<p data-start=\"959\" data-end=\"1259\">Se voc\u00ea busca <strong data-start=\"973\" data-end=\"1028\">flanges industriais\u00a0 de inox em S\u00e3o Paulo e em todo o Brasil<\/strong>, conte com empresas especializadas que oferecem <strong data-start=\"1077\" data-end=\"1134\">produtos sob medida, pronta entrega e suporte t\u00e9cnico<\/strong> para o seu projeto. A escolha certa de flanges aumenta a seguran\u00e7a, a durabilidade e a efici\u00eancia dos sistemas de tubula\u00e7\u00e3o.<\/p>\n<article class=\"text-token-text-primary w-full focus:outline-none [--shadow-height:45px] has-data-writing-block:pointer-events-none has-data-writing-block:-mt-(--shadow-height) has-data-writing-block:pt-(--shadow-height) [&amp;:has([data-writing-block])&gt;*]:pointer-events-auto [content-visibility:auto] supports-[content-visibility:auto]:[contain-intrinsic-size:auto_100lvh] scroll-mt-[calc(var(--header-height)+min(200px,max(70px,20svh)))]\" dir=\"auto\" tabindex=\"-1\" data-turn-id=\"d7ec0b15-fb54-4c4a-a261-57bd019b8f27\" data-testid=\"conversation-turn-2\" data-scroll-anchor=\"true\" data-turn=\"assistant\">\n<div class=\"text-base my-auto mx-auto pb-10 [--thread-content-margin:--spacing(4)] thread-sm:[--thread-content-margin:--spacing(6)] thread-lg:[--thread-content-margin:--spacing(16)] px-(--thread-content-margin)\">\n<div class=\"[--thread-content-max-width:40rem] thread-lg:[--thread-content-max-width:48rem] mx-auto max-w-(--thread-content-max-width) flex-1 group\/turn-messages focus-visible:outline-hidden relative flex w-full min-w-0 flex-col agent-turn\" tabindex=\"-1\">\n<div class=\"flex max-w-full flex-col grow\">\n<div class=\"min-h-8 text-message relative flex w-full flex-col items-end gap-2 text-start break-words whitespace-normal [.text-message+&amp;]:mt-1\" dir=\"auto\" data-message-author-role=\"assistant\" data-message-id=\"460ffede-8cbd-4184-85a1-499f9adb9a9c\" data-message-model-slug=\"gpt-5\">\n<div class=\"flex w-full flex-col gap-1 empty:hidden first:pt-[1px]\">\n<div class=\"markdown prose dark:prose-invert w-full break-words light markdown-new-styling\">\n<p data-start=\"0\" data-end=\"265\" data-is-last-node=\"\" data-is-only-node=\"\">\n<\/div>\n<\/div>\n<\/div>\n<\/div>\n<\/div>\n<\/div>\n<\/article>\n<div class=\"pointer-events-none h-px w-px\" aria-hidden=\"true\" data-edge=\"true\">\n<h2><span dir=\"auto\" style=\"vertical-align: inherit;\"><span dir=\"auto\" style=\"vertical-align: inherit;\">Linha de Flanges de Inox &#8211; Ansinox<\/span><\/span><\/h2>\n<p><strong>Contamos com uma vasta linha de produtos em estoque, visando a agilidade no fornecimento e a satisfa\u00e7\u00e3o de nossos clientes, <\/strong><a href=\"https:\/\/wa.me\/551127242730\/?text=Ol%C3%A1%20gostaria%20de%20informa%C3%A7%C3%B5es...\" target=\"_blank\" rel=\"noopener\">Fa\u00e7a seu or\u00e7amento na Ansinox!<\/a><\/p>\n<h3><span style=\"color: #ff0000;\">Atendemos aos mais diversos seguimentos da industria, tais como:<\/span><\/h3>\n<p>Constru\u00e7\u00e3o Civil, Engenharia Industrial e Engenharia de Montagens, Implementos Agr\u00edcolas e Rodovi\u00e1rios, Ind\u00fastria de Papel e Celulose, Ind\u00fastria Naval (Off Shore), Ind\u00fastria Petrol\u00edfera, Industria Aliment\u00edcia e Industria de Bebidas, Ind\u00fastria Mec\u00e2nica e Metal\u00fargica, Industria Farmac\u00eautica, Ind\u00fastria Qu\u00edmica e Petroqu\u00edmica, Ind\u00fastria Sider\u00fargica e de Minera\u00e7\u00e3o, Setor Automotivo e de Autope\u00e7as, Telecomunica\u00e7\u00f5es, Termoel\u00e9tricas e Hidroel\u00e9tricas, Tratamento de \u00c1gua e Po\u00e7os Artesianos, Usinas de A\u00e7\u00facar e de \u00c1lcool.<\/p>\n<\/div>\n\n\n<div class=\"kk-star-ratings kksr-auto kksr-align-left kksr-valign-bottom\"\n    data-payload='{&quot;align&quot;:&quot;left&quot;,&quot;id&quot;:&quot;465&quot;,&quot;slug&quot;:&quot;default&quot;,&quot;valign&quot;:&quot;bottom&quot;,&quot;ignore&quot;:&quot;&quot;,&quot;reference&quot;:&quot;auto&quot;,&quot;class&quot;:&quot;&quot;,&quot;count&quot;:&quot;26&quot;,&quot;legendonly&quot;:&quot;&quot;,&quot;readonly&quot;:&quot;&quot;,&quot;score&quot;:&quot;5&quot;,&quot;starsonly&quot;:&quot;&quot;,&quot;best&quot;:&quot;5&quot;,&quot;gap&quot;:&quot;4&quot;,&quot;greet&quot;:&quot;Rate this page&quot;,&quot;legend&quot;:&quot;5\\\/5 - (26 votos)&quot;,&quot;size&quot;:&quot;24&quot;,&quot;title&quot;:&quot;Flanges de Inox em S\u00e3o Paulo&quot;,&quot;width&quot;:&quot;138&quot;,&quot;_legend&quot;:&quot;{score}\\\/{best} - ({count} {votes})&quot;,&quot;font_factor&quot;:&quot;1.25&quot;}'>\n            \n<div class=\"kksr-stars\">\n    \n<div class=\"kksr-stars-inactive\">\n            <div class=\"kksr-star\" data-star=\"1\" style=\"padding-right: 4px\">\n            \n\n<div class=\"kksr-icon\" style=\"width: 24px; height: 24px;\"><\/div>\n        <\/div>\n            <div class=\"kksr-star\" data-star=\"2\" style=\"padding-right: 4px\">\n            \n\n<div class=\"kksr-icon\" style=\"width: 24px; height: 24px;\"><\/div>\n        <\/div>\n            <div class=\"kksr-star\" data-star=\"3\" style=\"padding-right: 4px\">\n            \n\n<div class=\"kksr-icon\" style=\"width: 24px; height: 24px;\"><\/div>\n        <\/div>\n            <div class=\"kksr-star\" data-star=\"4\" style=\"padding-right: 4px\">\n            \n\n<div class=\"kksr-icon\" style=\"width: 24px; height: 24px;\"><\/div>\n        <\/div>\n            <div class=\"kksr-star\" data-star=\"5\" style=\"padding-right: 4px\">\n            \n\n<div class=\"kksr-icon\" style=\"width: 24px; height: 24px;\"><\/div>\n        <\/div>\n    <\/div>\n    \n<div class=\"kksr-stars-active\" style=\"width: 138px;\">\n            <div class=\"kksr-star\" style=\"padding-right: 4px\">\n            \n\n<div class=\"kksr-icon\" style=\"width: 24px; height: 24px;\"><\/div>\n        <\/div>\n            <div class=\"kksr-star\" style=\"padding-right: 4px\">\n            \n\n<div class=\"kksr-icon\" style=\"width: 24px; height: 24px;\"><\/div>\n        <\/div>\n            <div class=\"kksr-star\" style=\"padding-right: 4px\">\n            \n\n<div class=\"kksr-icon\" style=\"width: 24px; height: 24px;\"><\/div>\n        <\/div>\n            <div class=\"kksr-star\" style=\"padding-right: 4px\">\n            \n\n<div class=\"kksr-icon\" style=\"width: 24px; height: 24px;\"><\/div>\n        <\/div>\n            <div class=\"kksr-star\" style=\"padding-right: 4px\">\n            \n\n<div class=\"kksr-icon\" style=\"width: 24px; height: 24px;\"><\/div>\n        <\/div>\n    <\/div>\n<\/div>\n                \n\n<div class=\"kksr-legend\" style=\"font-size: 19.2px;\">\n            5\/5 - (26 votos)    <\/div>\n    <\/div>\n","protected":false},"excerpt":{"rendered":"<p>Linha de Flanges de Inox \u2013 Qualidade e Confiabilidade para Conex\u00f5es Tubulares Resist\u00eancia, Durabilidade e Efici\u00eancia &#8211; Fa\u00e7a seu or\u00e7amento na Ansinox Linha de flanges industriais<span class=\"excerpt-hellip\"> [\u2026]<\/span><\/p>\n","protected":false},"author":1,"featured_media":0,"parent":0,"menu_order":0,"comment_status":"closed","ping_status":"closed","template":"","meta":{"footnotes":""},"class_list":["post-465","page","type-page","status-publish","hentry"],"yoast_head":"<!-- This site is optimized with the Yoast SEO Premium plugin v25.7 (Yoast SEO v27.3) - https:\/\/yoast.com\/product\/yoast-seo-premium-wordpress\/ -->\n<title>Flanges de Inox em S\u00e3o Paulo - Ansinox<\/title>\n<meta name=\"description\" content=\"Flange de Inox em S\u00e3o Paulo com alta qualidade, conforme normas ANSI e DIN. Fornecimento em todo o Brasil! (11) 2724-2730\" \/>\n<meta name=\"robots\" content=\"index, follow, max-snippet:-1, max-image-preview:large, max-video-preview:-1\" \/>\n<link rel=\"canonical\" href=\"https:\/\/ansinox.com.br\/portal\/flanges-de-inox-em-sao-paulo\/\" \/>\n<meta property=\"og:locale\" content=\"pt_BR\" \/>\n<meta property=\"og:type\" content=\"article\" \/>\n<meta property=\"og:title\" content=\"Flanges de Inox em S\u00e3o Paulo\" \/>\n<meta property=\"og:description\" content=\"Flange de Inox em S\u00e3o Paulo com alta qualidade, conforme normas ANSI e DIN. Fornecimento em todo o Brasil! (11) 2724-2730\" \/>\n<meta property=\"og:url\" content=\"https:\/\/ansinox.com.br\/portal\/flanges-de-inox-em-sao-paulo\/\" \/>\n<meta property=\"og:site_name\" content=\"Ansinox\" \/>\n<meta property=\"article:modified_time\" content=\"2026-01-12T23:35:08+00:00\" \/>\n<meta property=\"og:image\" content=\"https:\/\/ansinox.com.br\/portal\/wp-content\/uploads\/2025\/11\/flanges-industriais.fw_.png\" \/>\n\t<meta property=\"og:image:width\" content=\"437\" \/>\n\t<meta property=\"og:image:height\" content=\"392\" \/>\n\t<meta property=\"og:image:type\" content=\"image\/png\" \/>\n<meta name=\"twitter:card\" content=\"summary_large_image\" \/>\n<meta name=\"twitter:label1\" content=\"Est. tempo de leitura\" \/>\n\t<meta name=\"twitter:data1\" content=\"3 minutos\" \/>\n<script type=\"application\/ld+json\" class=\"yoast-schema-graph\">{\"@context\":\"https:\\\/\\\/schema.org\",\"@graph\":[{\"@type\":\"WebPage\",\"@id\":\"https:\\\/\\\/ansinox.com.br\\\/portal\\\/flanges-de-inox-em-sao-paulo\\\/\",\"url\":\"https:\\\/\\\/ansinox.com.br\\\/portal\\\/flanges-de-inox-em-sao-paulo\\\/\",\"name\":\"Flanges de Inox em S\u00e3o Paulo - Ansinox\",\"isPartOf\":{\"@id\":\"https:\\\/\\\/ansinox.com.br\\\/portal\\\/#website\"},\"primaryImageOfPage\":{\"@id\":\"https:\\\/\\\/ansinox.com.br\\\/portal\\\/flanges-de-inox-em-sao-paulo\\\/#primaryimage\"},\"image\":{\"@id\":\"https:\\\/\\\/ansinox.com.br\\\/portal\\\/flanges-de-inox-em-sao-paulo\\\/#primaryimage\"},\"thumbnailUrl\":\"https:\\\/\\\/ansinox.com.br\\\/portal\\\/wp-content\\\/uploads\\\/2025\\\/11\\\/flanges-industriais.fw_-300x269.png\",\"datePublished\":\"2026-01-12T23:29:56+00:00\",\"dateModified\":\"2026-01-12T23:35:08+00:00\",\"description\":\"Flange de Inox em S\u00e3o Paulo com alta qualidade, conforme normas ANSI e DIN. Fornecimento em todo o Brasil! (11) 2724-2730\",\"breadcrumb\":{\"@id\":\"https:\\\/\\\/ansinox.com.br\\\/portal\\\/flanges-de-inox-em-sao-paulo\\\/#breadcrumb\"},\"inLanguage\":\"pt-BR\",\"potentialAction\":[{\"@type\":\"ReadAction\",\"target\":[\"https:\\\/\\\/ansinox.com.br\\\/portal\\\/flanges-de-inox-em-sao-paulo\\\/\"]}]},{\"@type\":\"ImageObject\",\"inLanguage\":\"pt-BR\",\"@id\":\"https:\\\/\\\/ansinox.com.br\\\/portal\\\/flanges-de-inox-em-sao-paulo\\\/#primaryimage\",\"url\":\"https:\\\/\\\/ansinox.com.br\\\/portal\\\/wp-content\\\/uploads\\\/2025\\\/11\\\/flanges-industriais.fw_.png\",\"contentUrl\":\"https:\\\/\\\/ansinox.com.br\\\/portal\\\/wp-content\\\/uploads\\\/2025\\\/11\\\/flanges-industriais.fw_.png\",\"width\":437,\"height\":392},{\"@type\":\"BreadcrumbList\",\"@id\":\"https:\\\/\\\/ansinox.com.br\\\/portal\\\/flanges-de-inox-em-sao-paulo\\\/#breadcrumb\",\"itemListElement\":[{\"@type\":\"ListItem\",\"position\":1,\"name\":\"In\u00edcio\",\"item\":\"https:\\\/\\\/ansinox.com.br\\\/portal\\\/\"},{\"@type\":\"ListItem\",\"position\":2,\"name\":\"Flanges de Inox em S\u00e3o Paulo\"}]},{\"@type\":\"WebSite\",\"@id\":\"https:\\\/\\\/ansinox.com.br\\\/portal\\\/#website\",\"url\":\"https:\\\/\\\/ansinox.com.br\\\/portal\\\/\",\"name\":\"Ansinox\",\"description\":\"Acess\u00f3rios Industriais - Tubos de A\u00e7o Inox e Carbono - Flanges - V\u00e1lvulas Industriais\",\"publisher\":{\"@id\":\"https:\\\/\\\/ansinox.com.br\\\/portal\\\/#organization\"},\"potentialAction\":[{\"@type\":\"SearchAction\",\"target\":{\"@type\":\"EntryPoint\",\"urlTemplate\":\"https:\\\/\\\/ansinox.com.br\\\/portal\\\/?s={search_term_string}\"},\"query-input\":{\"@type\":\"PropertyValueSpecification\",\"valueRequired\":true,\"valueName\":\"search_term_string\"}}],\"inLanguage\":\"pt-BR\"},{\"@type\":\"Organization\",\"@id\":\"https:\\\/\\\/ansinox.com.br\\\/portal\\\/#organization\",\"name\":\"Ansinox\",\"alternateName\":\"Ansinox Tubos e Conex\u00f5es\",\"url\":\"https:\\\/\\\/ansinox.com.br\\\/portal\\\/\",\"logo\":{\"@type\":\"ImageObject\",\"inLanguage\":\"pt-BR\",\"@id\":\"https:\\\/\\\/ansinox.com.br\\\/portal\\\/#\\\/schema\\\/logo\\\/image\\\/\",\"url\":\"https:\\\/\\\/ansinox.com.br\\\/portal\\\/wp-content\\\/uploads\\\/2025\\\/11\\\/logo_transp.fw_.png\",\"contentUrl\":\"https:\\\/\\\/ansinox.com.br\\\/portal\\\/wp-content\\\/uploads\\\/2025\\\/11\\\/logo_transp.fw_.png\",\"width\":211,\"height\":114,\"caption\":\"Ansinox\"},\"image\":{\"@id\":\"https:\\\/\\\/ansinox.com.br\\\/portal\\\/#\\\/schema\\\/logo\\\/image\\\/\"}}]}<\/script>\n<!-- \/ Yoast SEO Premium plugin. -->","yoast_head_json":{"title":"Flanges de Inox em S\u00e3o Paulo - Ansinox","description":"Flange de Inox em S\u00e3o Paulo com alta qualidade, conforme normas ANSI e DIN. Fornecimento em todo o Brasil! (11) 2724-2730","robots":{"index":"index","follow":"follow","max-snippet":"max-snippet:-1","max-image-preview":"max-image-preview:large","max-video-preview":"max-video-preview:-1"},"canonical":"https:\/\/ansinox.com.br\/portal\/flanges-de-inox-em-sao-paulo\/","og_locale":"pt_BR","og_type":"article","og_title":"Flanges de Inox em S\u00e3o Paulo","og_description":"Flange de Inox em S\u00e3o Paulo com alta qualidade, conforme normas ANSI e DIN. Fornecimento em todo o Brasil! (11) 2724-2730","og_url":"https:\/\/ansinox.com.br\/portal\/flanges-de-inox-em-sao-paulo\/","og_site_name":"Ansinox","article_modified_time":"2026-01-12T23:35:08+00:00","og_image":[{"width":437,"height":392,"url":"https:\/\/ansinox.com.br\/portal\/wp-content\/uploads\/2025\/11\/flanges-industriais.fw_.png","type":"image\/png"}],"twitter_card":"summary_large_image","twitter_misc":{"Est. tempo de leitura":"3 minutos"},"schema":{"@context":"https:\/\/schema.org","@graph":[{"@type":"WebPage","@id":"https:\/\/ansinox.com.br\/portal\/flanges-de-inox-em-sao-paulo\/","url":"https:\/\/ansinox.com.br\/portal\/flanges-de-inox-em-sao-paulo\/","name":"Flanges de Inox em S\u00e3o Paulo - Ansinox","isPartOf":{"@id":"https:\/\/ansinox.com.br\/portal\/#website"},"primaryImageOfPage":{"@id":"https:\/\/ansinox.com.br\/portal\/flanges-de-inox-em-sao-paulo\/#primaryimage"},"image":{"@id":"https:\/\/ansinox.com.br\/portal\/flanges-de-inox-em-sao-paulo\/#primaryimage"},"thumbnailUrl":"https:\/\/ansinox.com.br\/portal\/wp-content\/uploads\/2025\/11\/flanges-industriais.fw_-300x269.png","datePublished":"2026-01-12T23:29:56+00:00","dateModified":"2026-01-12T23:35:08+00:00","description":"Flange de Inox em S\u00e3o Paulo com alta qualidade, conforme normas ANSI e DIN. Fornecimento em todo o Brasil! (11) 2724-2730","breadcrumb":{"@id":"https:\/\/ansinox.com.br\/portal\/flanges-de-inox-em-sao-paulo\/#breadcrumb"},"inLanguage":"pt-BR","potentialAction":[{"@type":"ReadAction","target":["https:\/\/ansinox.com.br\/portal\/flanges-de-inox-em-sao-paulo\/"]}]},{"@type":"ImageObject","inLanguage":"pt-BR","@id":"https:\/\/ansinox.com.br\/portal\/flanges-de-inox-em-sao-paulo\/#primaryimage","url":"https:\/\/ansinox.com.br\/portal\/wp-content\/uploads\/2025\/11\/flanges-industriais.fw_.png","contentUrl":"https:\/\/ansinox.com.br\/portal\/wp-content\/uploads\/2025\/11\/flanges-industriais.fw_.png","width":437,"height":392},{"@type":"BreadcrumbList","@id":"https:\/\/ansinox.com.br\/portal\/flanges-de-inox-em-sao-paulo\/#breadcrumb","itemListElement":[{"@type":"ListItem","position":1,"name":"In\u00edcio","item":"https:\/\/ansinox.com.br\/portal\/"},{"@type":"ListItem","position":2,"name":"Flanges de Inox em S\u00e3o Paulo"}]},{"@type":"WebSite","@id":"https:\/\/ansinox.com.br\/portal\/#website","url":"https:\/\/ansinox.com.br\/portal\/","name":"Ansinox","description":"Acess\u00f3rios Industriais - Tubos de A\u00e7o Inox e Carbono - Flanges - V\u00e1lvulas Industriais","publisher":{"@id":"https:\/\/ansinox.com.br\/portal\/#organization"},"potentialAction":[{"@type":"SearchAction","target":{"@type":"EntryPoint","urlTemplate":"https:\/\/ansinox.com.br\/portal\/?s={search_term_string}"},"query-input":{"@type":"PropertyValueSpecification","valueRequired":true,"valueName":"search_term_string"}}],"inLanguage":"pt-BR"},{"@type":"Organization","@id":"https:\/\/ansinox.com.br\/portal\/#organization","name":"Ansinox","alternateName":"Ansinox Tubos e Conex\u00f5es","url":"https:\/\/ansinox.com.br\/portal\/","logo":{"@type":"ImageObject","inLanguage":"pt-BR","@id":"https:\/\/ansinox.com.br\/portal\/#\/schema\/logo\/image\/","url":"https:\/\/ansinox.com.br\/portal\/wp-content\/uploads\/2025\/11\/logo_transp.fw_.png","contentUrl":"https:\/\/ansinox.com.br\/portal\/wp-content\/uploads\/2025\/11\/logo_transp.fw_.png","width":211,"height":114,"caption":"Ansinox"},"image":{"@id":"https:\/\/ansinox.com.br\/portal\/#\/schema\/logo\/image\/"}}]}},"_links":{"self":[{"href":"https:\/\/ansinox.com.br\/portal\/wp-json\/wp\/v2\/pages\/465","targetHints":{"allow":["GET"]}}],"collection":[{"href":"https:\/\/ansinox.com.br\/portal\/wp-json\/wp\/v2\/pages"}],"about":[{"href":"https:\/\/ansinox.com.br\/portal\/wp-json\/wp\/v2\/types\/page"}],"author":[{"embeddable":true,"href":"https:\/\/ansinox.com.br\/portal\/wp-json\/wp\/v2\/users\/1"}],"replies":[{"embeddable":true,"href":"https:\/\/ansinox.com.br\/portal\/wp-json\/wp\/v2\/comments?post=465"}],"version-history":[{"count":3,"href":"https:\/\/ansinox.com.br\/portal\/wp-json\/wp\/v2\/pages\/465\/revisions"}],"predecessor-version":[{"id":468,"href":"https:\/\/ansinox.com.br\/portal\/wp-json\/wp\/v2\/pages\/465\/revisions\/468"}],"wp:attachment":[{"href":"https:\/\/ansinox.com.br\/portal\/wp-json\/wp\/v2\/media?parent=465"}],"curies":[{"name":"wp","href":"https:\/\/api.w.org\/{rel}","templated":true}]}}